- 2*m = -m - y. Calculate the remainder when a is divided by 27.
26
Let c = -75 + 90. Suppose -4 + 1 = -3*h + 2*p, -h - 4*p + c = 0. What is the remainder when 3 is divided by h?
0
Let j(b) = -4*b - 1. Let z be j(2). Let f(s) = 2*s + 7. Let q be f(z). Let m(a) = -a**3 - 11*a**2 - 9*a + 2. Calculate the remainder when m(q) is divided by 34.
33
Let y(s) = s. Let p(h) = 2*h. Let w(c) = -p(c) + 3*y(c). Let d be w(3). Let k(a) = 6*a + 4. Calculate the remainder when k(d) is divided by 13.
9
Let u(z) = -z**3 - 12*z**2 - 19*z - 41. What is the remainder when 56 is divided by u(-11)?
9
Suppose 3*u = -2*v + 66, 0 = u - 1 - 3. What is the remainder when 179 is divided by v?
17
What is the remainder when 24/(-14)*(-1 + -20) is divided by 25?
11
Let q(z) = -2*z + 3. What is the remainder when 57 is divided by q(-10)?
11
Let w = -89 + 97. Suppose -w*j + 11 - 3 = 0. Calculate the remainder when 9 is divided by j.
0
Suppose -2*h = 2*o + h + 161, -5*h = -5. Let z = o - -88. Calculate the remainder when 7 is divided by z.
1
What is the remainder when 107 is divided by (-89)/(-89) - (0 - 9)?
7
What is the remainder when 544/24*(-5 + -1)/(-2) is divided by 939/27 + (-2)/(-9)?
33
Suppose 64*q + 3*q - 2345 = 0. What is the remainder when 69 is divided by q?
34
What is the remainder when (-846)/(-14) + -18*1/42 is divided by ((-21)/4)/(2/(-8))?
18
Suppose 0 = -5*z - 3*f + 89, -4*f + 87 = 5*z - 0*f. Let q(j) = -j + 35. Let c be q(0). Suppose 349*i = 350*i - c. What is the remainder when i is divided by z?
16
Let d(o) = o**2 + 6*o - 34. Suppose -2*t = 25 - 5. What is the remainder when 9 is divided by d(t)?
3
Let t = -9 - -13. Suppose -5*b = d - 24, -t*d - 5*b + 93 = -78. Suppose 5*i + 5*z = 45, -i = -6*i - z + 61. Calculate the remainder when d is divided by i.
10
What is the remainder when 8/20 - ((-2506)/(-10))/(-1) is divided by 14?
13
Suppose -3*y - 1440 = -12*y. Calculate the remainder when y is divided by 27.
25
Suppose 4*h + 2*k = 64, 3*h - 7*k - 59 = -3*k. Suppose -29 - 103 = -4*z. What is the remainder when z is divided by h?
16
Let n be ((-182)/65)/((-4)/50). Calculate the remainder when 93 is divided by 10*(n/28)/(1/2).
18
Let q = 37 - 41. Calculate the remainder when 53 is divided by ((-3)/q)/((2/(-16))/(-1)).
5
Suppose -3*p - 4*p + 542 + 137 = 0. Let s(u) = 2*u**2 + 2*u + 2. Calculate the remainder when p is divided by s(-4).
19
Let q = 343 - 300. What is the remainder when 255 is divided by q?
40
Let i be 63/12 - 3/12. Let m(j) = 15*j - 22. Let h(q) = q**3 + 6*q**2 + 3*q + 4. Calculate the remainder when m(i) is divided by h(-5).
11
Let q = 3 + -1. Let r(m) = 5 + m - 4 - m**q + 10*m**2 + 2*m**2. What is the remainder when 31 is divided by r(-1)?
9
Suppose 2*a = -7 + 1. Let h(x) = -2*x**3 - 4*x**2 - 2*x + 3. What is the remainder when 489/6 - 9/6 is divided by h(a)?
26
Suppose -2*p - 11 = 5*n - 40, p = -2*n + 12. Suppose -4*i = -n*i. Suppose -2*s = f - 12, s + f + f - 6 = i. What is the remainder when 23 is divided by s?
5
Suppose 2*y - 150 = -y. Suppose v - 2*x - 36 = 3*x, x = -2*v + y. Suppose -2*l + v = -12. What is the remainder when l is divided by 5?
4
Suppose -5*b - 5*c = -30, -c = -4*b - 3*c + 22. Calculate the remainder when 14 is divided by b.
4
Let a(y) = 206*y - 10. What is the remainder when a(1) is divided by 11?
9
Suppose -204 = -0*d - 2*d. Suppose p = -2*p + d. What is the remainder when 38 is divided by p + -12 + -2 + 0?
18
Let v(x) = -x + 28. Let j be v(9). Suppose y + 3*o = j, 0 = 2*y + 3*o - 0*o - 35. Calculate the remainder when 59 is divided by y.
11
Suppose 238 + 194 = 16*g. What is the remainder when 73 is divided by g?
19
Suppose 131 = 3*l - 2*c, -5*l + 4*c = -l - 180. What is the remainder when l is divided by 15?
11
Suppose m = -y + 4, 0 = -y + 5*m + 11 - 1. Let c = 20 - 13. What is the remainder when (-4)/10 + 92/y is divided by c?
4
Let v = 17 - 10. Suppose -3 + v = -2*g. What is the remainder when 20 is divided by (28/(-16))/(g/8)?
6
Suppose 0 = -m - 2*v + 8, 4*v = -10*m + 11*m - 8. Suppose 0 = 5*g - 383 - 292. What is the remainder when g is divided by m?
7
Let o(z) = -6*z - 2. Let p be -8*(-2 + (-10)/(-4)). Calculate the remainder when o(p) is divided by 8.
6
Suppose 7*x + 7*x = 1008. What is the remainder when x is divided by 13?
7
Suppose -g - 371 = -5*i, 2*g + 4 = -2*g. What is the remainder when (8 + i)/(4*3/6) is divided by 14?
13
Let h(a) = 3*a - 1. Suppose -4*v + 11 = -25. What is the remainder when h(v) is divided by 9?
8
Let t(o) = 9*o**2 + 10*o + 7. Let c be t(-7). Suppose 2*s = -118 + c. Let r = 197 - s. Calculate the remainder when r is divided by 14.
11
Suppose -5*a - 44 = -289. Calculate the remainder when a is divided by (-2)/(-21) - (-3212)/231.
7
Let o(h) = 15*h + 4 + 2 - 7 + 3. What is the remainder when o(2) is divided by 9?
5
Suppose c + 4*x - 80 = 0, 13*c - x = 17*c - 320. What is the remainder when 1359 is divided by c?
79
Suppose 146 = 5*l + 3*b, -2*l + 0*l = -b - 54. Calculate the remainder when 80 is divided by l.
24
What is the remainder when ((-1)/2)/((-14)/7812) is divided by 7?
6
Suppose 0 = 4*s + 12 - 40. Suppose 2*f - 4*o + 11 = -s*o, 4*o = -3*f - 14. Suppose i - 7 = -f. Calculate the remainder when i is divided by 4.
1
Let p(v) = 4*v**2 + 29*v - 189. What is the remainder when p(10) is divided by 23?
18
Suppose 45*h = 40*h + 425. What is the remainder when h is divided by 17?
0
Let c be 6/(-2) - (-10 - -4). Suppose 4*w - s - 101 = 0, w + 43 = c*w + s. Suppose w = 4*d - 0. Calculate the remainder when 11 is divided by d.
5
Suppose -93*g = -96*g + 285. Calculate the remainder when g is divided by 18.
5
Suppose 0 = -9*f + 5*f + 8. Calculate the remainder when 21 + 1/(f/(-4)) is divided by (4/(-6))/((-4)/66).
8
Suppose -17 = 4*l - 141. Calculate the remainder when l is divided by ((-129)/(-172))/((-2)/(-24)).
4
Suppose 13*a = 47 + 408. What is the remainder when 127 is divided by a?
22
Let o = 169 - 121. Suppose 160 = 16*j + o. Let q(i) = -i**2 - 10*i - 5. Calculate the remainder when q(-6) is divided by j.
5
Let i(f) = -f**3 - 23*f**2 - 23*f + 5. Let k = 67 - 89. Let c = 3 - -4. What is the remainder when i(k) is divided by c?
6
Suppose 3*i + 474 = -5*g, 0 = 10*g - 14*g. Let v = 227 + i. Calculate the remainder when v is divided by 15.
9
Let w(r) = r**2 + 2*r + 4. Suppose o - 43 = 5*t, -o - 8 = 3*t + 13. What is the remainder when w(-6) is divided by t/(-3) + -2 - (-215)/15?
13
Suppose 12*d + 638 = 23*d. What is the remainder when 286 is divided by d?
54
Suppose -3*t - 4*l + 3*l = -64, -l - 83 = -4*t. Calculate the remainder when 70 is divided by t.
7
Let h(r) = 54*r**3 - 2*r**2 + 4*r - 1. What is the remainder when h(1) is divided by 7?
6
Suppose 0 = -2*t + 32 + 164. What is the remainder when t is divided by 38?
22
Let z = 87 + -59. Suppose 0 - z = -2*w - v, 5*v = 3*w - 55. Let y(t) = 4*t**2 - 2*t - 2. Calculate the remainder when y(3) is divided by w.
13
Let r be (48/(-20))/(-2 - (-51)/30). Suppose 5*h - 82 = 23. What is the remainder when h is divided by (-2 - -20)/(0 + 12/r)?
9
Let t be (-236)/3 + 10/(-30). Calculate the remainder when (-3)/((-9)/134) - t/237 is divided by 23.
22
Let j(i) = -33*i - 18. What is the remainder when 179 is divided by j(-1)?
14
Let s(x) = -x**2 - 8*x - 2. What is the remainder when 3598 is divided by s(-6)?
8
Let j = -23 - -45. Let v = 34 - j. Calculate the remainder when ((-15)/9)/(1/(-27)) is divided by v.
9
Let g(l) = l**2 + 17*l - 55. Calculate the remainder when g(-22) is divided by 28.
27
Let p be 60/18 - 4/(-6). Suppose 0 = -4*c - p*y + 120, -4*c + y = -3*y - 128. Let i = 203 - 82. Calculate the remainder when i is divided by c.
28
What is the remainder when 595 is divided by (7/(-21)*-584)/(2/3)?
11
Let f(z) = -z + 2. Suppose -1 = -d - 0*d. Let m be f(d). What is the remainder when -8*(-4)/8 + m is divided by 2?
1
Suppose -k = 2*k - 5*u - 99, -79 = -2*k - u. Calculate the remainder when 94 is divided by k.
18
Let f = 17 - 21. Let u = 8 + f. Suppose -3*q + 4*q = -4*g + 63, u*q - 3*g = 328. What is the remainder when q is divided by 20?
19
Let t(p) = 3*p + 5. Let m be (140/44 - 3) + (-652)/(-44). Let d(s) = 2*s + 3. What is the remainder when t(m) is divided by d(7)?
16
Let v(i) = 3*i**2 - i - 2. Let x be v(3). Suppose -292 = -3*w - x. Suppose -5*z 